{"id":110,"date":"2024-06-23T22:41:23","date_gmt":"2024-06-23T19:41:23","guid":{"rendered":"https:\/\/www.raydolaptamiri.com.tr\/Uskudar\/?page_id=110"},"modified":"2024-06-24T00:26:07","modified_gmt":"2024-06-23T21:26:07","slug":"kucuksu-ray-dolap-tamiri","status":"publish","type":"page","link":"https:\/\/www.raydolaptamiri.com.tr\/Uskudar\/kucuksu-ray-dolap-tamiri\/","title":{"rendered":"K\u00fc\u00e7\u00fcksu Ray Dolap Tamiri"},"content":{"rendered":"<p style=\"text-align: center;\">K\u00fc\u00e7\u00fcksu Ray Dolap Tamiri &#8211; Ray Dolap Tamiri Telefon 0554 858 1312&#8221; \u0130stanbul Anadolu Yakas\u0131 \u00dcsk\u00fcdar K\u00fc\u00e7\u00fcksu Mahallesi Ray Dolap Tamiri ; Profesyonel ray dolap tamiri ustalar\u0131m\u0131z&#8221; 30 y\u0131ldan fazla deneyime sahiptir, \u015feffaf fiyatland\u0131rma ve do\u011frudan tahminlerle m\u00fckemmellik ve de\u011ferin en iyi kombinasyonu olan S\u00fcrg\u00fcl\u00fc Kap\u0131 hizmetlerini sunmaktad\u0131r. Hizmet odakl\u0131, m\u00fc\u015fteri memnuniyeti odakl\u0131 Ray Dolap Tamiri, i\u00e7in kap\u0131 onar\u0131mlar\u0131nda uzmanla\u015fm\u0131\u015ft\u0131r. Sorular\u0131n\u0131z i\u00e7in Bizi Aray\u0131n +0554 858 1312, Hemen yan\u0131t veriyoruz Profesyonel Ekibimiz 3 Saat \u0130\u00e7inde Gelecektir, Acil Servis i\u00e7in Bizi Aray\u0131n. Ray Dolap Tamiri Ekibimiz, Sorunlar\u0131n\u0131z\u0131 yerinde \u00e7\u00f6zebilir.\u00a0<span style=\"color: #ff0000;\"><strong><a style=\"color: #ff0000;\" href=\"https:\/\/www.raydolaptamiri.com.tr\/Uskudar\/\" target=\"_blank\" rel=\"noopener\">K\u00fc\u00e7\u00fcksu Ray Dolap Tamiri<\/a><\/strong><\/span>&#8221; zamandan ve nakitten tasarruf etmenize yard\u0131mc\u0131 olmas\u0131na izin verin. Yeni bir gard\u0131rop sat\u0131n almak pahal\u0131 olabilir. Mevcut dekorunuza uymayan bir par\u00e7a bulmak da ayn\u0131 \u015fekilde zor olabilir. Sorunsuz bir \u00e7\u00f6z\u00fcm i\u00e7in &#8221;Ray Dolap Tamiri&#8221; i\u00e7in bizi se\u00e7in.<\/p>\n<p><img fetchpriority=\"high\" decoding=\"async\" class=\"size-full wp-image-111 alignright\" src=\"https:\/\/www.raydolaptamiri.com.tr\/Uskudar\/wp-content\/uploads\/Uskudar-Kucuksu-Mahallesi-Ray-Dalap-Tamir-Montaj-Onarim-Servisi.jpg\" alt=\"K\u00fc\u00e7\u00fcksu Ray Dolap Tamiri - Ray Dolap Tamircisi Telefon 0554 858 1312 Ray Dolap Kapak Tamiri, Ray Dolap Mekanizma Tamiri, Ray Dolap Kapak Sistemleri Tamiri.\" width=\"450\" height=\"250\" srcset=\"https:\/\/www.raydolaptamiri.com.tr\/Uskudar\/wp-content\/uploads\/Uskudar-Kucuksu-Mahallesi-Ray-Dalap-Tamir-Montaj-Onarim-Servisi.jpg 450w, https:\/\/www.raydolaptamiri.com.tr\/Uskudar\/wp-content\/uploads\/Uskudar-Kucuksu-Mahallesi-Ray-Dalap-Tamir-Montaj-Onarim-Servisi-300x167.jpg 300w\" sizes=\"(max-width: 450px) 100vw, 450px\" \/><\/p>\n<h2>K\u00fc\u00e7\u00fcksu Ray Dolap Tamiri<\/h2>\n<p>K\u00fc\u00e7\u00fcksu Ray Dolap Tamiri&#8221; i\u00e7in bizi Pazartesi&#8217;den Cumartesi&#8217;ye Sabah 09:00 \u2013 Ak\u015fam 20:00 saatleri aras\u0131nda &#8221;K\u00fc\u00e7\u00fcksu Ray Dolap Tamiri&#8221; hizmeti, hakk\u0131nda daha fazla bilgi almak i\u00e7in bize 0554 858 1312&#8221; numaral\u0131 telefondan bize ula\u015fabilir WhatsApp arac\u0131l\u0131\u011f\u0131yla do\u011frudan mesaj g\u00f6nderebilirsiniz.\u00a0<strong><span style=\"color: #0000ff;\"><a style=\"color: #0000ff;\" href=\"https:\/\/www.onlinemarangoz.com.tr\/Uskudar\/uskudar-ray-dolap-tamiri\/\" target=\"_blank\" rel=\"noopener\">K\u00fc\u00e7\u00fcksu Ray Dolap Tamiri<\/a><\/span><\/strong>&#8221; i\u00e7in l\u00fctfen bizimle ileti\u015fime ge\u00e7in. size yard\u0131mc\u0131 olmaktan mutluluk duyar\u0131z.<\/p>\n<h3>K\u00fc\u00e7\u00fcksu Ray Dolap Kapak Tamiri<\/h3>\n<p>K\u00fc\u00e7\u00fcksu Ray Dolap Kapak Tamiri : ihtiya\u00e7 duydu\u011funuzda yard\u0131mc\u0131 olmak i\u00e7in buraday\u0131z. \u0130htiyac\u0131n\u0131z olan hizmetlerde size yard\u0131mc\u0131 olmak i\u00e7in buraday\u0131z. S\u00fcrg\u00fcl\u00fc ray dolap kapaklar\u0131 e\u015fyalar\u0131n\u0131za eri\u015fmenin kolay bir yoludur, ancak ayn\u0131 zamanda hasar g\u00f6r\u00fcrse veya a\u00e7\u0131l\u0131p kapanmas\u0131 zorla\u015f\u0131rsa hayal k\u0131r\u0131kl\u0131\u011f\u0131 kayna\u011f\u0131 da olabilirler. zamanla raylar e\u011filebilir veya b\u00fck\u00fclebilir, bu da kap\u0131lar\u0131n d\u00fczg\u00fcn bir \u015fekilde kaymas\u0131n\u0131 zorla\u015ft\u0131r\u0131r. Mekanizmalar ayr\u0131ca kir ve tozla yap\u0131\u015farak kap\u0131lar\u0131n yap\u0131\u015fmas\u0131na neden olabilir. Baz\u0131 durumlarda hasar, kap\u0131lar\u0131n de\u011fi\u015ftirilmesini gerektirecek kadar ciddi olabilir. Ancak hasar \u00e7ok ciddi de\u011filse basit bir onar\u0131mla atlatabilirsiniz. Bir profesyonel hasar\u0131 de\u011ferlendirebilecek ve en iyi eylem plan\u0131n\u0131 belirleyebilecektir. Ayr\u0131ca onar\u0131mlar\u0131 h\u0131zl\u0131 ve verimli bir \u015fekilde yapmak i\u00e7in gerekli ara\u00e7 ve malzemelere de sahip olacaklar. Sonu\u00e7 olarak, s\u00fcrg\u00fcl\u00fc ray dolap kap\u0131lar\u0131n\u0131z\u0131 k\u0131sa s\u00fcrede tekrar \u00e7al\u0131\u015f\u0131r duruma getirebiliriz. Ray dolap kapa\u011f\u0131 tamiri yapt\u0131rmak i\u00e7in bizimle ileti\u015fime ge\u00e7meniz yeterli.<img decoding=\"async\" class=\"alignleft wp-image-59\" src=\"https:\/\/www.raydolaptamiri.com.tr\/Uskudar\/wp-content\/uploads\/Ray-Dolap-Tamir-Ustasi-Uskudar.jpg\" alt=\"\" width=\"250\" height=\"250\" srcset=\"https:\/\/www.raydolaptamiri.com.tr\/Uskudar\/wp-content\/uploads\/Ray-Dolap-Tamir-Ustasi-Uskudar.jpg 300w, https:\/\/www.raydolaptamiri.com.tr\/Uskudar\/wp-content\/uploads\/Ray-Dolap-Tamir-Ustasi-Uskudar-150x150.jpg 150w, https:\/\/www.raydolaptamiri.com.tr\/Uskudar\/wp-content\/uploads\/Ray-Dolap-Tamir-Ustasi-Uskudar-90x90.jpg 90w\" sizes=\"(max-width: 250px) 100vw, 250px\" \/><\/p>\n<ul>\n<li>Ray Dolap Kap\u0131s\u0131 Montaj\u0131. Dolap Kap\u0131 Ray Tamiri.<\/li>\n<li>Dolap Kap\u0131 \u00c7er\u00e7evesi Tamiri. Dolap Kap\u0131 Ray Bak\u0131m\u0131.<\/li>\n<li>Ray Dolap Kap\u0131s\u0131 Tamiri. Dolap Kapa\u011f\u0131 Tamir Ve Bak\u0131m\u0131.<\/li>\n<li>Dolap Kap\u0131s\u0131 Ayar Hizmeti. Ray Kap\u0131 Panelinin De\u011fi\u015ftirilmesi.<\/li>\n<li>Kayar Kap\u0131 Donan\u0131m\u0131n\u0131n De\u011fi\u015ftirilmesi. Dolap Kap\u0131 Silindiri Tamiri.<\/li>\n<\/ul>\n<p>K\u00fc\u00e7\u00fcksu Ray Dolap Kapak Tamiri&#8221; Ana odak noktam\u0131z, yard\u0131mc\u0131 olmakt\u0131r. Uzman profesyonellerle ba\u011flant\u0131ya ge\u00e7mek i\u00e7in bizi aray\u0131n. K\u00fc\u00e7\u00fcksu Ray Dolap Kapak Tamiri&#8221; ile ilgili sorun ya\u015f\u0131yorsan\u0131z 0554 858 1312&#8221; numaral\u0131 telefondan bize ula\u015fabilir veya bize Whatsapp resim g\u00f6nderin. K\u00fc\u00e7\u00fcksu Ray Dolap Kapak Tamiri&#8221; hakk\u0131nda ihtiyac\u0131n\u0131z olan t\u00fcm bilgileri alabilirsiniz. K\u00fc\u00e7\u00fcksu Ray Dolap Mekanizma Tamiri, Onar\u0131m\u0131na ihtiyac\u0131n\u0131z varsa bizimle ileti\u015fime ge\u00e7in.<img decoding=\"async\" class=\"alignright wp-image-58\" src=\"https:\/\/www.raydolaptamiri.com.tr\/Uskudar\/wp-content\/uploads\/Ray-Dolap-Tamir-Hizmeti-Uskudar.jpg\" alt=\"\" width=\"250\" height=\"250\" srcset=\"https:\/\/www.raydolaptamiri.com.tr\/Uskudar\/wp-content\/uploads\/Ray-Dolap-Tamir-Hizmeti-Uskudar.jpg 300w, https:\/\/www.raydolaptamiri.com.tr\/Uskudar\/wp-content\/uploads\/Ray-Dolap-Tamir-Hizmeti-Uskudar-150x150.jpg 150w, https:\/\/www.raydolaptamiri.com.tr\/Uskudar\/wp-content\/uploads\/Ray-Dolap-Tamir-Hizmeti-Uskudar-90x90.jpg 90w\" sizes=\"(max-width: 250px) 100vw, 250px\" \/><\/p>\n<h4>K\u00fc\u00e7\u00fcksu Ray Dolap Mekanizma Tamiri<\/h4>\n<p>K\u00fc\u00e7\u00fcksu Ray Dolap Mekanizma Tamiri: K\u0131r\u0131k bir kap\u0131n\u0131z veya onar\u0131lmas\u0131 gereken bir \u00e7er\u00e7eveniz mi var? H\u0131zl\u0131 hareket etmelisiniz \u00e7\u00fcnk\u00fc evinizi ve \u00e7ocuklar\u0131n\u0131z\u0131 k\u0131r\u0131k bir Ray Dolap Mekanizma Tamiri kap\u0131ya maruz b\u0131rakmak tehlikeli olabilir. Kap\u0131n\u0131z\u0131n onar\u0131lmas\u0131 m\u0131 yoksa de\u011fi\u015ftirilmesi mi gerekti\u011fini bilmek en b\u00fcy\u00fck \u00f6nceli\u011finiz olmal\u0131d\u0131r. K\u0131r\u0131k ray dolap mekanizma tamiri : her t\u00fcrl\u00fc s\u00fcrg\u00fcl\u00fc kap\u0131n\u0131n onar\u0131m\u0131n\u0131 ve de\u011fi\u015fimini ger\u00e7ekle\u015ftirebilecek ustalardan olu\u015fan bir ekibe sahibiz. K\u00fc\u00e7\u00fcksu Ray Dolap Mekanizma Tamiri: haftan\u0131n herhangi bir saatine planlanabilen t\u00fcm hizmet \u00e7a\u011fr\u0131lar\u0131n\u0131 y\u00f6netiyor. K\u0131r\u0131k ray dolap kap\u0131n\u0131z\u0131 mekanizma tamir ediyoruz. Ray dolap kapak mekanizma k\u0131r\u0131ld\u0131ysa veya \u00e7er\u00e7eveniz \u00e7atlad\u0131ysa % 100 orijinal yedek par\u00e7alar ile onar\u0131yoruz. Kap\u0131n\u0131z\u0131n verimli ve g\u00fcvenli bir \u015fekilde \u00e7al\u0131\u015fmas\u0131n\u0131 sa\u011flamak i\u00e7in Ray Dolap Mekanizma Tamiri Tamiri hizmetleri sunuyoruz. K\u00fc\u00e7\u00fcksu Ray Dolap Mekanizma Tamiri&#8221; hizmetimiz, resmi tatiller hari\u00e7 hafta i\u00e7i Sabah 09 : 00 \u2013 Ak\u015fam 20 : 00 saatleri aras\u0131nda mevcuttur. Bizi &#8221;0554 858 1312&#8221; numaral\u0131 telefonla &#8221;K\u00fc\u00e7\u00fcksu Ray Dolap Mekanizma Tamiri&#8221; destek ekibimizle ileti\u015fime ge\u00e7ebilir veya bize Whatsapp resim g\u00f6nderin. L\u00fctfen K\u00fc\u00e7\u00fcksu Ray Dolap Mekanizma Tamiri&#8221; ile ilgili sorunlar\u0131n\u0131z i\u00e7in bizi aray\u0131n. K\u00fc\u00e7\u00fcksu Ray Dolap Mekanizma Tamiri: \u00e7e\u015fitli i\u015fleri tamamlayabilecek yetenekli, becerikli ustalard\u0131r. Bu bizi \u00e7ok \u00e7e\u015fitli farkl\u0131 g\u00f6revleri yerine getirme konusunda harika k\u0131l\u0131yor.<span style=\"color: #ff6600;\"><strong><a style=\"color: #ff6600;\" href=\"https:\/\/www.raydolaptamiri.com.tr\/\" target=\"_blank\" rel=\"noopener\">\u00a0K\u00fc\u00e7\u00fcksu Ray Dolap Mekanizma Tamiri<\/a><\/strong><\/span>: geni\u015f hizmet kapsam\u0131m\u0131zla, kap\u0131yla ilgili sorunlar\u0131n\u0131z\u0131n \u00e7\u00f6z\u00fcm\u00fc i\u00e7in kabul edilebilir ve sa\u011flam \u00e7\u00f6z\u00fcmler sunaca\u011f\u0131m\u0131zdan emin olabilirsiniz.<img loading=\"lazy\" decoding=\"async\" class=\"size-full wp-image-60 alignleft\" src=\"https:\/\/www.raydolaptamiri.com.tr\/Uskudar\/wp-content\/uploads\/Rayli-Dolap-Kapak-Sistemleri-Tamiri.jpg\" alt=\"\" width=\"300\" height=\"300\" srcset=\"https:\/\/www.raydolaptamiri.com.tr\/Uskudar\/wp-content\/uploads\/Rayli-Dolap-Kapak-Sistemleri-Tamiri.jpg 300w, https:\/\/www.raydolaptamiri.com.tr\/Uskudar\/wp-content\/uploads\/Rayli-Dolap-Kapak-Sistemleri-Tamiri-150x150.jpg 150w, https:\/\/www.raydolaptamiri.com.tr\/Uskudar\/wp-content\/uploads\/Rayli-Dolap-Kapak-Sistemleri-Tamiri-90x90.jpg 90w\" sizes=\"(max-width: 300px) 100vw, 300px\" \/><\/p>\n<h5>K\u00fc\u00e7\u00fcksu Ray Dolap Kapak Sistemleri Tamiri<\/h5>\n<p>K\u00fc\u00e7\u00fcksu Ray Dolap Kapak Sistemleri Tamiri: kap\u0131larla ilgili baz\u0131 sorunlar acildir ve derhal onar\u0131lmas\u0131n\u0131 veya Ray Dolap Kapak Sistemleri, de\u011fi\u015ftirilmesini gerektirir. B\u00f6yle zamanlarda teredd\u00fct etmemelisiniz \u00e7\u00fcnk\u00fc i\u015fleri daha da k\u00f6t\u00fcle\u015ftirebilirsiniz. Panik yapmay\u0131n. T\u00fcm s\u00fcrg\u00fcl\u00fc Ray Dolap Kapak Sistemleri, ar\u0131zalar\u0131n\u0131z\u0131 h\u0131zl\u0131 ve verimli bir \u015fekilde \u00e7\u00f6zmek i\u00e7in bizim ile ileti\u015fime ge\u00e7in. K\u00fc\u00e7\u00fcksu Ray Dolap Kapak Sistemleri Tamiri: her zaman m\u00fc\u015fterilerimizin ihtiya\u00e7lar\u0131n\u0131 ve \u00e7\u0131karlar\u0131n\u0131 ilk s\u0131raya koyar. S\u00fcrg\u00fcl\u00fc Ray Dolap Kapak Sistemleri servisimiz sadece tamir yapman\u0131n \u00f6tesine ge\u00e7er. M\u00fc\u015fteri memnuniyeti, paran\u0131n kar\u015f\u0131l\u0131\u011f\u0131n\u0131 verme ve h\u0131zl\u0131 servis \u00f6nceliklerimizin ba\u015f\u0131nda yer ald\u0131\u011f\u0131ndan, her onar\u0131m\u0131n m\u00fckemmel bir \u015fekilde yap\u0131lmas\u0131n\u0131 sa\u011flamak i\u00e7in zaman ay\u0131r\u0131yoruz. K\u00fc\u00e7\u00fcksu Ray Dolap Kapak Sistemleri Tamiri: vas\u0131fl\u0131 ustalar\u0131m\u0131z \u00e7o\u011fu Kapak Sistemleri onar\u0131m\u0131 i\u00e7in s\u0131kl\u0131kla ihtiya\u00e7 duyulan par\u00e7alarla donat\u0131lm\u0131\u015ft\u0131r; bu da genellikle ayn\u0131 g\u00fcn servis sunabilece\u011fimiz anlam\u0131na gelir. Ar\u0131zal\u0131 veya k\u0131r\u0131k Kapak Sistemleri g\u00fcn\u00fcn\u00fcz\u00fc mahvetmesine izin vermeyin; g\u00fcvenilir ve eksiksiz servis i\u00e7in. K\u00fc\u00e7\u00fcksu Ray Dolap Kapak Sistemleri Tamiri&#8221; i\u00e7in bizi Pazartesi&#8217;den Cumartesi&#8217; ne&#8217; Sabah 09 : 00 \u2013 20 : 00 ve Cumartesi sabah 09:00 \u2013 Ak\u015fam 19:00 saatleri aras\u0131nda &#8221;K\u00fc\u00e7\u00fcksu Ray Dolap Kapak Sistemleri Tamiri, sorular\u0131n\u0131z i\u00e7in &#8221;0554 858 1312&#8221; numaral\u0131 telefondan bizi aray\u0131n, veya bize WhatsApp resim g\u00f6nderin. K\u00fc\u00e7\u00fcksu Ray Dolap Kapak Sistemleri Tamiri&#8221; i\u00e7in araman\u0131z yeterli; ekibimiz her t\u00fcrl\u00fc onar\u0131m\u0131 \u00e7ok k\u0131sa s\u00fcrede ger\u00e7ekle\u015ftirmek i\u00e7in an\u0131nda yan\u0131n\u0131zda olaca\u011f\u0131z.<\/p>\n<table style=\"border-collapse: collapse; width: 100%;\">\n<tbody>\n<tr>\n<td style=\"width: 33.3333%; text-align: center;\"><strong>K\u00fc\u00e7\u00fcksu Ray Dolap Tamiri WhatsApp \u0130let\u015fim<\/strong><a href=\"https:\/\/wa.me\/+905548581312\" target=\"_blank\" rel=\"At Hemen Mesaj Tezcan T\u0131kla Usta WhatsApp noopener\"><img loading=\"lazy\" decoding=\"async\" class=\"aligncenter wp-image-64 size-full\" title=\"Tezcan Usta Whatsapp Hemen T\u0131kla Mesaj At\" src=\"https:\/\/www.raydolaptamiri.com.tr\/Uskudar\/wp-content\/uploads\/Whatsapp-Tikla-Mesaj-At-Tezcan-Usta.jpg\" alt=\"Tezcan Usta Whatsapp Hemen T\u0131kla Mesaj At\" width=\"380\" height=\"150\" srcset=\"https:\/\/www.raydolaptamiri.com.tr\/Uskudar\/wp-content\/uploads\/Whatsapp-Tikla-Mesaj-At-Tezcan-Usta.jpg 380w, https:\/\/www.raydolaptamiri.com.tr\/Uskudar\/wp-content\/uploads\/Whatsapp-Tikla-Mesaj-At-Tezcan-Usta-300x118.jpg 300w\" sizes=\"(max-width: 380px) 100vw, 380px\" \/><\/a><\/td>\n<td style=\"width: 33.3333%;\">\n<p style=\"text-align: center;\">\u00dcsk\u00fcdar Ray Dolap Tamiri&#8221; hizmetimiz, resmi tatiller hari\u00e7 hafta i\u00e7i Sabah 09 : 00 \u2013 Ak\u015fam 20 : 00 saatleri aras\u0131nda mevcuttur. Bizi &#8221;0554 858 1312&#8221; numaral\u0131 telefonla &#8221;\u00dcsk\u00fcdar Ray Dolap Tamiri&#8221; destek ekibimizle ileti\u015fime ge\u00e7ebilir veya bize WhatsApp resim g\u00f6nderin. L\u00fctfen \u00dcsk\u00fcdar Ray Dolap Tamiri&#8221; i\u00e7in bizi aray\u0131n.<\/p>\n<\/td>\n<td style=\"width: 33.3333%;\">\n<p style=\"text-align: center;\"><strong>K\u00fc\u00e7\u00fcksu Ray Dolap Tamiri\u00a0 Telefon<\/strong><a href=\"tel:\/\/+905548581312\" target=\"_blank\" rel=\"Ara Hemen Telefon Tezcan T\u0131kla Usta noopener\"><img loading=\"lazy\" decoding=\"async\" class=\"aligncenter wp-image-65 size-full\" title=\"Tezcan Usta Telefon Hemen T\u0131kla Ara\" src=\"https:\/\/www.raydolaptamiri.com.tr\/Uskudar\/wp-content\/uploads\/Telefon-Tikla-Mesaj-At-Tezcan-Usta.jpg\" alt=\"Tezcan Usta Telefon Hemen T\u0131kla Ara\" width=\"380\" height=\"150\" srcset=\"https:\/\/www.raydolaptamiri.com.tr\/Uskudar\/wp-content\/uploads\/Telefon-Tikla-Mesaj-At-Tezcan-Usta.jpg 380w, https:\/\/www.raydolaptamiri.com.tr\/Uskudar\/wp-content\/uploads\/Telefon-Tikla-Mesaj-At-Tezcan-Usta-300x118.jpg 300w\" sizes=\"(max-width: 380px) 100vw, 380px\" \/><\/a><\/p>\n<\/td>\n<\/tr>\n<\/tbody>\n<\/table>\n<p><em><marquee onmouseover=\"this.stop()\" onmouseout=\"this.start()\"width=\"1000\" height=\"25\" direction=\"horizontal\" scrollamount=\"3\"scrolldelay=\"60\" loop=\"99999\">Tezcan Usta 0554 858 1312 \u2705 K\u00fc\u00e7\u00fcksu Ray Dolap Tamiri \u2705 Ray Dolap Tamiri K\u00fc\u00e7\u00fcksu \u2705 K\u00fc\u00e7\u00fcksu Ray Dolap Kapak Tamiri \u2705 K\u00fc\u00e7\u00fcksu Ray Dolap Mekanizma Tamiri \u2705 K\u00fc\u00e7\u00fcksu Ray Dolap Sistemleri Tamiri \u2705 K\u00fc\u00e7\u00fcksu Ray Dolap Tamiri \u2705 Ray Dolap Kapa\u011f\u0131 Tamiri \u2705 S\u00fcrg\u00fcl\u00fc Rayl\u0131 Dolap Tamir Ustas\u0131 \u2705 Rayl\u0131 Dolap Fren Sistemi Tamiri \u2705 S\u00fcrg\u00fcl\u00fc Ray Dolap Tekerle\u011fi Tamiri \u2705 S\u00fcrg\u00fcl\u00fc Rayl\u0131 Dolap Gen\u00e7 Odas\u0131 Tamiri \u2705 Ray Dolap Kapak Tamiri \u2705 Ray Dolap Mekanizma Tamiri \u2705 Ray Dolap Sistemleri Tamiri \u2705 Ray Dolap Tamir Ustas\u0131 \u2705 Ray Dolap Kapak Tamir Ustas\u0131 \u2705<\/marquee><\/em><\/p>\n","protected":false},"excerpt":{"rendered":"<p>K\u00fc\u00e7\u00fcksu Ray Dolap Tamiri &#8211; Ray Dolap Tamiri Telefon 0554 858 1312&#8221; \u0130stanbul Anadolu Yakas\u0131 \u00dcsk\u00fcdar K\u00fc\u00e7\u00fcksu Mahallesi Ray Dolap Tamiri ; Profesyonel ray dolap tamiri ustalar\u0131m\u0131z&#8221; 30 y\u0131ldan fazla deneyime sahiptir, \u015feffaf fiyatland\u0131rma ve do\u011frudan tahminlerle m\u00fckemmellik ve de\u011ferin&#8230; <a class=\"di-continue-reading\" href=\"https:\/\/www.raydolaptamiri.com.tr\/Uskudar\/kucuksu-ray-dolap-tamiri\/\"> Continue Reading&#8230;<\/a><\/p>\n","protected":false},"author":1,"featured_media":0,"parent":0,"menu_order":112,"comment_status":"closed","ping_status":"open","template":"","meta":{"_sitemap_exclude":false,"_sitemap_priority":"","_sitemap_frequency":"","footnotes":""},"categories":[22],"tags":[89,87,88,85,86],"class_list":["post-110","page","type-page","status-publish","hentry","category-kucuksu-mahallesi-ray-dolap-tamir-onarim-servisi","tag-kucuksu-ray-dolap-kapak-sistemleri-tamiri","tag-kucuksu-ray-dolap-kapak-tamiri","tag-kucuksu-ray-dolap-mekanizma-tamiri","tag-kucuksu-ray-dolap-tamiri","tag-ray-dolap-tamiri-kucuksu"],"_links":{"self":[{"href":"https:\/\/www.raydolaptamiri.com.tr\/Uskudar\/wp-json\/wp\/v2\/pages\/110","targetHints":{"allow":["GET"]}}],"collection":[{"href":"https:\/\/www.raydolaptamiri.com.tr\/Uskudar\/wp-json\/wp\/v2\/pages"}],"about":[{"href":"https:\/\/www.raydolaptamiri.com.tr\/Uskudar\/wp-json\/wp\/v2\/types\/page"}],"author":[{"embeddable":true,"href":"https:\/\/www.raydolaptamiri.com.tr\/Uskudar\/wp-json\/wp\/v2\/users\/1"}],"replies":[{"embeddable":true,"href":"https:\/\/www.raydolaptamiri.com.tr\/Uskudar\/wp-json\/wp\/v2\/comments?post=110"}],"version-history":[{"count":2,"href":"https:\/\/www.raydolaptamiri.com.tr\/Uskudar\/wp-json\/wp\/v2\/pages\/110\/revisions"}],"predecessor-version":[{"id":116,"href":"https:\/\/www.raydolaptamiri.com.tr\/Uskudar\/wp-json\/wp\/v2\/pages\/110\/revisions\/116"}],"wp:attachment":[{"href":"https:\/\/www.raydolaptamiri.com.tr\/Uskudar\/wp-json\/wp\/v2\/media?parent=110"}],"wp:term":[{"taxonomy":"category","embeddable":true,"href":"https:\/\/www.raydolaptamiri.com.tr\/Uskudar\/wp-json\/wp\/v2\/categories?post=110"},{"taxonomy":"post_tag","embeddable":true,"href":"https:\/\/www.raydolaptamiri.com.tr\/Uskudar\/wp-json\/wp\/v2\/tags?post=110"}],"curies":[{"name":"wp","href":"https:\/\/api.w.org\/{rel}","templated":true}]}}